 1154112?
1
What is the tens digit of 79260?
6
What is the tens digit of 214397?
9
What is the hundreds digit of 114047?
0
What is the units digit of 82266?
6
What is the hundred thousands digit of 206214?
2
What is the ten thousands digit of 98731?
9
What is the thousands digit of 281337?
1
What is the ten thousands digit of 45678?
4
What is the hundreds digit of 17689?
6
What is the hundreds digit of 810494?
4
What is the hundred thousands digit of 470830?
4
What is the ten millions digit of 12066430?
1
What is the ten thousands digit of 4629888?
2
What is the units digit of 6886439?
9
What is the hundreds digit of 8013662?
6
What is the millions digit of 5984824?
5
What is the thousands digit of 1319327?
9
What is the ten millions digit of 29752637?
2
What is the tens digit of 737875?
7
What is the thousands digit of 137593?
7
What is the units digit of 154915?
5
What is the hundred thousands digit of 222491?
2
What is the ten thousands digit of 3474728?
7
What is the thousands digit of 41618?
1
What is the ten thousands digit of 7340184?
4
What is the hundred thousands digit of 10534038?
5
What is the units digit of 20402?
2
What is the hundred thousands digit of 3359886?
3
What is the tens digit of 202348?
4
What is the thousands digit of 723730?
3
What is the hundred thousands digit of 555027?
5
What is the hundreds digit of 2489?
4
What is the hundred thousands digit of 170297?
1
What is the tens digit of 203771?
7
What is the hundred thousands digit of 283467?
2
What is the hundreds digit of 205908?
9
What is the hundred thousands digit of 3491088?
4
What is the tens digit of 9339243?
4
What is the hundred thousands digit of 2344264?
3
What is the units digit of 59461?
1
What is the thousands digit of 626432?
6
What is the hundred thousands digit of 41712215?
7
What is the hundred thousands digit of 1822083?
8
What is the hundreds digit of 340541?
5
What is the hundred thousands digit of 20100407?
1
What is the tens digit of 7296608?
0
What is the units digit of 347944?
4
What is the thousands digit of 269146?
9
What is the ten thousands digit of 59497?
5
What is the thousands digit of 50223?
0
What is the tens digit of 136520?
2
What is the hundred thousands digit of 290816?
2
What is the ten millions digit of 11392263?
1
What is the ten thousands digit of 1851038?
5
What is the units digit of 2385267?
7
What is the units digit of 275681?
1
What is the tens digit of 1618872?
7
What is the hundreds digit of 484567?
5
What is the thousands digit of 829474?
9
What is the units digit of 429684?
4
What is the thousands digit of 254899?
4
What is the tens digit of 2277095?
9
What is the thousands digit of 2255711?
5
What is the hundreds digit of 32757066?
0
What is the tens digit of 1208533?
3
What is the hundreds digit of 13183575?
5
What is the thousands digit of 1862393?
2
What is the hundred thousands digit of 8866060?
8
What is the units digit of 3272250?
0
What is the ten thousands digit of 750867?
5
What is the ten thousands digit of 2031267?
3
What is the hundreds digit of 4870?
8
What is the tens digit of 558799?
9
What is the ten thousands digit of 171705?
7
What is the tens digit of 623918?
1
What is the tens digit of 11364592?
9
What is the tens digit of 1597746?
4
What is the millions digit of 1632308?
1
What is the tens digit of 953939?
3
What is the units digit of 977614?
4
What is the thousands digit of 13359076?
9
What is the thousands digit of 98645?
8
What is the units digit of 457866?
6
What is the units digit of 143823?
3
What is the hundreds digit of 1874831?
8
What is the thousands digit of 622400?
2
What is the thousands digit of 1616063?
6
What is the tens digit of 710733?
3
What is the tens digit of 54198?
9
What is the units digit of 4416600?
0
What is the hundreds digit of 1432731?
7
What is the millions digit of 1268207?
1
What is the hundreds digit of 315940?
9
What is the ten thousands digit of 5618224?
1
What is the units digit of 413275?
5
What is the hundred thousands digit of 14429817?
4
What is the ten thousands digit of 2425496?
2
What is the thousands digit of 310502?
0
What is the units digit of 451751?
1
What is the hundred thousands digit of 6834258?
8
What is the ten thousands digit of 567693?
6
What is the ten millions digit of 17861546?
1
What is the ten thousands digit of 2198689?
9
What is the thousands digit of 23902250?
2
What is the hundreds digit of 2311815?
8
What is the ten thousands digit of 8152495?
5
What is the millions digit of 3110538?
3
What is the thousands digit of 32202?
2
What is the units digit of 671701?
1
What is the thousands digit of 1287901?
7
What is the units digit of 1882799?
9
What is the units digit of 77541?
1
What is the thousands digit of 664298?
4
What is the hundred thousands digit of 782308?
7
What is the tens digit of 790498?
9
What is the thousands digit of 29388?
9
What is the ten thousands digit of 287875?
8
What is the thousands digit of 267424?
7
What is the units digit of 8252098?
8
What is the thousands digit of 290534?
0
What is the hundred thousands digit of 640125?
6
What is the millions digit of 3071109?
3
What is the tens digit of 13860204?
0
What is the units digit of 300189?
9
What is the ten thousands digit of 3213000?
1
What is the tens digit of 2260935?
3
What is the millions digit of 6729645?
6
What is the ten thousands digit of 26429?
2
What is the hundreds digit of 1630269?
2
What is the thousands digit of 612781?
2
What is the tens digit of 7437344?
4
What is the thousands digit of 256645?
6
What is the hundred thousands digit of 408167?
4
What is the hundreds digit of 211361?
3
What is the millions digit of 1704526?
1
What is the tens digit of 207559?
5
What is the ten thousands digit of 7339852?
3
What is the hundred thousands digit of 4453014?
4
What is the tens digit of 177626?
2
What is the tens digit of 903733?
3
What is the tens digit of 76885?
8
What is the thousands digit of 114295?
4
What is the thousands digit of 6224205?
4
What is the hundred thousands digit of 413855?
4
What is the hundreds digit of 2460696?
6
What is the tens digit of 134699?
9
What is the tens digit of 1294712?
1
What is the units digit of 1513902?
2
What is the hundreds digit of 151591?
5
What is the tens digit of 875469?
6
What is the thousands digit of 108492?
8
What is the ten thousands digit of 5106135?
0
What is the thousands digit of 9568868?
8
What is the millions digit of 4517899?
4
What is the hundred thousands digit of 422310?
4
What is the millions digit of 1511123?
1
What is the thousands digit of 4498492?
8
What is the thousands digit of 232458?
2
What is the hundreds digit of 206322?
3
What is the thousands digit of 528036?
8
What is the ten thousands digit of 143823?
4
What is the ten millions digit of 11818763?
1
What is the thousands digit of 2204311?
4
What is the millions digit of 3062682?
3
What is the thousands digit of 285841?
5
What is the ten thousands digit of 233425?
3
What is the units digit of 374768?
8
What is the thousands digit of 375852?
5
What is the ten thousands digit of 422639?
2
What is the thousands digit of 3350418?
0
What is the hundred thousands digit of 165927?
1
What is the hundreds digit of 23096974?
9
What is the tens digit of 12298958?
5
What is the tens digit of 3550622?
2
What is the units digit of 556056?
6
What is the units digit of 13206?
6
What is the thousands digit of 4119900?
9
What is the units digit of 1779255?
5
What is the hundred thousands digit of 3178970?
1
What is the hundred thousands digit of 3604196?
6
What is the units digit of 5324470?
0
What is the hundreds digit of 656176?
1
What is the units digit of 1827727?
7
What is the ten thousands digit of 10785430?
8
What is the hundred thousands digit of 204981?
2
What is the hundred thousands digit of 3103463?
1
What is the hundred thousands digit of 940906?
9
What is the units digit of 1871843?
3
What is the hundred thousands digit of 445305?
4
What is the hundreds digit of 15786593?
5
What is the hundred thousands digit of 253727?
2
What is the units digit of 739823?
3
What is the ten thousands digit of 8894461?
9
What is the tens digit of 3821593?
9
What is the millions digit of 3693399?
3
What is the hundreds digit of 279193?
1
What is t